4?
2, 3, 16301
What are the prime factors of 2287327?
7, 23, 14207
List the prime factors of 3977402.
2, 11, 13, 13907
List the prime factors of 3099584.
2, 19, 2549
List the prime factors of 73883.
73883
What are the prime factors of 5610375?
3, 5, 4987
What are the prime factors of 8768832?
2, 3, 109, 419
What are the prime factors of 3145902?
2, 3, 347, 1511
List the prime factors of 3786471.
3, 13, 32363
List the prime factors of 491713.
41, 67, 179
List the prime factors of 172668.
2, 3, 14389
List the prime factors of 727301.
19, 101, 379
List the prime factors of 595420.
2, 5, 7, 4253
What are the prime factors of 109456?
2, 6841
What are the prime factors of 31921663?
29, 1100747
List the prime factors of 235898.
2, 13, 43, 211
List the prime factors of 9293823.
3, 7, 11, 13411
List the prime factors of 454863.
3, 31, 67, 73
What are the prime factors of 19996018?
2, 7, 19, 10739
What are the prime factors of 5181?
3, 11, 157
What are the prime factors of 667283?
667283
List the prime factors of 25775248.
2, 19, 84787
What are the prime factors of 707430?
2, 3, 5, 23581
List the prime factors of 2066591.
157, 13163
What are the prime factors of 1321954?
2, 17, 59, 659
List the prime factors of 11816120.
2, 5, 67, 4409
What are the prime factors of 183?
3, 61
What are the prime factors of 128324?
2, 7, 4583
List the prime factors of 14371163.
19, 137, 5521
What are the prime factors of 443149?
7, 29, 37, 59
List the prime factors of 955944.
2, 3, 11, 17, 71
What are the prime factors of 85819?
85819
List the prime factors of 28668139.
199, 144061
What are the prime factors of 2130613?
2130613
List the prime factors of 400148.
2, 7, 31, 461
What are the prime factors of 4054530?
2, 3, 5, 135151
List the prime factors of 7643910.
2, 3, 5, 61, 4177
List the prime factors of 4864818.
2, 3, 7, 16547
What are the prime factors of 1277879?
1277879
What are the prime factors of 9953880?
2, 3, 5, 109, 761
What are the prime factors of 8352003?
3, 11, 73, 3467
What are the prime factors of 8960834?
2, 613, 7309
List the prime factors of 144473.
7, 20639
List the prime factors of 31359.
3, 10453
List the prime factors of 212525.
5, 8501
List the prime factors of 1121138.
2, 47, 11927
What are the prime factors of 14618335?
5, 127, 23021
List the prime factors of 3372748.
2, 43, 19609
What are the prime factors of 28107?
3, 347
List the prime factors of 446111.
446111
List the prime factors of 371257.
371257
List the prime factors of 60139.
60139
What are the prime factors of 251469?
3, 27941
List the prime factors of 80345.
5, 16069
What are the prime factors of 492824?
2, 61603
What are the prime factors of 45845?
5, 53, 173
What are the prime factors of 19512?
2, 3, 271
List the prime factors of 9276.
2, 3, 773
What are the prime factors of 527845?
5, 229, 461
What are the prime factors of 100327?
41, 2447
What are the prime factors of 4308946?
2, 37, 58229
List the prime factors of 2491391.
7, 355913
What are the prime factors of 6308737?
6308737
What are the prime factors of 740305?
5, 148061
What are the prime factors of 12653286?
2, 3, 2108881
What are the prime factors of 9155472?
2, 3, 23, 8293
List the prime factors of 3922305.
3, 5, 23, 11369
List the prime factors of 581246.
2, 290623
List the prime factors of 6884725.
5, 275389
List the prime factors of 5344729.
13, 29, 14177
What are the prime factors of 422776?
2, 43, 1229
List the prime factors of 5193172.
2, 37, 35089
What are the prime factors of 14529357?
3, 19, 84967
What are the prime factors of 3104923?
19, 163417
List the prime factors of 869173.
869173
What are the prime factors of 5860870?
2, 5, 586087
What are the prime factors of 733357?
79, 9283
List the prime factors of 652710.
2, 3, 5, 21757
List the prime factors of 1182881.
7, 29, 5827
What are the prime factors of 1280162?
2, 13, 53, 929
What are the prime factors of 202521?
3, 11, 17, 19
What are the prime factors of 7263562?
2, 3631781
List the prime factors of 235951.
235951
What are the prime factors of 2164546?
2, 1082273
List the prime factors of 2062716.
2, 3, 19, 83, 109
What are the prime factors of 777146?
2, 388573
List the prime factors of 888846.
2, 3, 7, 21163
What are the prime factors of 818829?
3, 11, 919
List the prime factors of 20941.
43, 487
What are the prime factors of 1192175?
5, 43, 1109
List the prime factors of 51445.
5, 10289
What are the prime factors of 996240?
2, 3, 5, 7, 593
What are the prime factors of 27832865?
5, 659, 8447
What are the prime factors of 577629?
3, 13, 4937
List the prime factors of 1291499.
11, 137, 857
What are the prime factors of 16877044?
2, 4219261
List the prime factors of 667267.
17, 39251
What are the prime factors of 4048812?
2, 3, 37489
What are the prime factors of 9360537?
3, 103, 30293
List the prime factors of 92733.
3, 30911
List the prime factors of 76391.
7, 1559
List the prime factors of 4824762.
2, 3, 804127
List the prime factors of 100069.
100069
List the prime factors of 27209179.
97, 280507
What are the prime factors of 3244107?
3, 1081369
What are the prime factors of 506050?
2, 5, 29, 349
What are the prime factors of 1525944?
2, 3, 7, 31, 293
What are the prime factors of 676114?
2, 311, 1087
List the prime factors of 450743.
643, 701
List the prime factors of 905352.
2, 3, 7, 17, 317
What are the prime factors of 225138?
2, 3, 157, 239
What are the prime factors of 9508545?
3, 5, 23, 9187
List the prime factors of 1809419.
1809419
List the prime factors of 10276880.
2, 5, 128461
What are the prime factors of 1082146?
2, 13, 41621
List the prime factors of 289666.
2, 13, 857
What are the prime factors of 5288?
2, 661
What are the prime factors of 9945049?
9945049
What are the prime factors of 36400?
2, 5, 7, 13
What are the prime factors of 7591386?
2, 3, 11, 115021
List the prime factors of 27843601.
27843601
List the prime factors of 1982759.
29, 68371
What are the prime factors of 524122?
2, 71, 3691
What are the prime factors of 215346?
2, 3, 19, 1889
What are the prime factors of 5000088?
2, 3, 208337
List the prime factors of 11726790.
2, 3, 5, 390893
List the prime factors of 773060.
2, 5, 38653
List the prime factors of 311379.
3, 271, 383
List the prime factors of 519587.
519587
What are the prime factors of 1043385?
3, 5, 7, 19, 523
What are the prime factors of 1239305?
5, 71, 3491
What are the prime factors of 1481950?
2, 5, 107, 277
List the prime factors of 7937003.
19, 417737
What are the prime factors of 8104073?
23, 37, 89, 107
List the prime factors of 6647016.
2, 3, 419, 661
What are the prime factors of 33998981?
33998981
List the prime factors of 302665.
5, 11, 5503
List the prime factors of 2056111.
2056111
List the prime factors of 1640386.
2, 11, 173, 431
What are the prime factors of 7573588?
2, 11, 172127
What are the prime factors of 7295893?
11, 663263
List the prime factors of 113869.
7, 16267
List the prime factors of 48987.
3, 5443
List the prime factors of 6883415.
5, 7, 11, 19, 941
What are the prime factors of 668455?
5, 133691
List the prime factors of 2448736.
2, 59, 1297
List the prime factors of 123493.
123493
What are the prime factors of 526967?
7, 83, 907
What are the prime factors of 264000?
2, 3, 5, 11
List the prime factors of 492078.
2, 3, 82013
What are the prime factors of 3983279?
3983279
List the prime factors of 731091.
3, 379, 643
What are the prime factors of 495584?
2, 17, 911
List the prime factors of 38805.
3, 5, 13, 199
List the prime factors of 1101900.
2, 3, 5, 3673
List the prime factors of 1717307.
31, 1787
What are the prime factors of 1198532?
2, 97, 3089
List the prime factors of 113644.
2, 28411
What are the prime factors of 810064?
2, 197, 257
List the prime factors of 169399.
169399
List the prime factors of 252885.
3, 5, 23, 733
List the prime factors of 427447.
427447
List the prime factors of 1457464.
2, 23, 89
What are the prime factors of 128956?
2, 103, 313
List the prime factors of 1179072.
2, 3, 23, 89
What are the prime factors of 975907?
975907
What are the prime factors of 1589732?
2, 397433
List the prime factors of 606538.
2, 173, 1753
What are the prime factors of 374075?
5, 13, 1151
What are the prime factors of 142028?
2, 35507
List the prime factors of 